 the highest common divisor of 4 and f?
4
Suppose 2*t - 4 = -5*f + 3*t, -4*f + t + 3 = 0. Suppose m + 3 = -f, -3*m = -5*z + 62. Let x be 13 + 1 + (0 - -1). What is the highest common factor of x and z?
5
Suppose -2*g = -2, -4*y + 87 = y - 3*g. Suppose -11*r + 45 = -6*r. What is the highest common factor of y and r?
9
Let s = -150 + 258. Suppose 0 = -3*r + 2*r. Suppose 5*w - 15 = r, -4*j + 48 - 3 = -w. What is the highest common factor of s and j?
12
Let u = 3 - 1. Let t(r) = r**2 + 2*r - 3. Let s be t(u). What is the highest common divisor of 30 and s?
5
Suppose z = -4*z - 4*g + 480, 3*z + 2*g - 290 = 0. Calculate the highest common factor of 10 and z.
10
Let v = -22 - -57. Suppose 0 = 4*s - 8*s + 28. Calculate the highest common factor of s and v.
7
Let q = 29 - 4. Calculate the greatest common divisor of 10 and q.
5
Let m(x) = 2*x + 55. Let i be m(-11). Calculate the greatest common factor of i and 11.
11
Let q(r) = 3*r**2 - 6*r + 5. Let s be q(5). Suppose 0 = -6*k + 4*k + 5*l + 20, -5*l - 50 = -5*k. Calculate the greatest common factor of s and k.
10
Let n be (1 - 0)/(3/27). Suppose -23 = -5*j + 3*l, -3 - n = -4*j - 4*l. What is the greatest common factor of 32 and j?
4
Let x(w) = 2*w**2 - w + 2. Let c be x(2). Let y(k) = 31*k + 2. Let f be y(-2). Let n = f + 116. Calculate the highest common divisor of c and n.
8
Let h(r) = 9*r + 1. Let z be h(6). Suppose 0 = 3*p + a + 8 - z, -4*a = -5*p + 67. What is the greatest common divisor of 120 and p?
15
Let j be (-4)/(-10) + (-1 - (-408)/5). Suppose 2 = q - 0. Suppose -3*s + 6 = q*b, -4*s + 10 = 3*b - 1. What is the highest common factor of j and b?
9
Let w(l) = -2*l**2 - 8*l + 1. Let s be w(-4). Let u be s/(-2)*(7 - 23). Calculate the highest common factor of u and 4.
4
Let s = 1 + 4. Suppose x + x - 40 = 0. Calculate the greatest common factor of s and x.
5
Suppose 0 = -2*j - 17 - 11. Let q = 24 + j. Let z = -63 - -88. Calculate the greatest common factor of z and q.
5
Suppose 432*f = 437*f - 60. Suppose d + d + 56 = p, 5*p - 304 = -2*d. Calculate the greatest common factor of f and p.
12
Let r = 45 - 74. Let l(w) = 2*w - 53. Let p be l(16). Let q = p - r. Calculate the greatest common divisor of q and 8.
8
Let n(w) = w + 0*w + 4*w + w**2 - 7. Let h be n(-7). Let t = -90 + 167. What is the greatest common factor of t and h?
7
Suppose -93 = 5*z + 97. Let x = z - -82. Calculate the greatest common divisor of x and 4.
4
Suppose f - 5*q - 27 - 28 = 0, 3*q = 5*f - 363. Let x(z) = -4*z + 6. Let s be x(-6). Calculate the greatest common divisor of s and f.
15
Suppose r - 2 - 1 = 0. Suppose 0 = -3*p - 2*n + 38, -r*p - p - n + 59 = 0. What is the greatest common divisor of 40 and p?
8
Suppose -3*q - q = 8. Let w be q/7 + 72/7. What is the highest common divisor of 30 and w?
10
Suppose 2 = -v, -6*v - 5 = -o - v. Let z be (-1 - (0 + o)) + 0. Suppose z*q + k = 88, -2*q + 0*k - 3*k = -44. Calculate the greatest common factor of 11 and q.
11
Let v(f) = -f**3 + 5*f**2 + f - 2. Let u = -2 - -7. Let r be v(u). Suppose 0*w + 140 = 5*i - 4*w, i = -w + 19. What is the greatest common divisor of r and i?
3
Let v(d) = 91*d**2. Let m be v(-1). Calculate the greatest common divisor of 26 and m.
13
Let d(b) = -b**2 + 17*b - 15. Let l be d(16). What is the greatest common divisor of l and 11?
1
Let m(v) = 5*v - 11. Let y be m(7). Calculate the highest common factor of 15 and y.
3
Suppose -4*n + 7*n = 2*j - 2, 3*j = -3*n + 3. Suppose n = -4*d - d + 360. Calculate the greatest common divisor of d and 9.
9
Let r be 0/(-3 + 2/1). Suppose -5*o + 20 = r, 0 = -2*t + 4*t + 5*o - 24. Let k = -10 + 16. Calculate the highest common divisor of k and t.
2
Let f be 122 - -2 - (5 - 1). What is the highest common divisor of f and 48?
24
Let o be (-28)/4*18/(-7). Suppose -o = -4*m + 42. Let y = 26 - m. Calculate the greatest common divisor of y and 121.
11
Let d(w) = 3*w - 30. Let o be d(11). What is the greatest common divisor of o and 1?
1
Let y(f) = f**3 + 11*f**2 + 15*f - 12. Let h be y(-9). Let v = 140 + 100. Suppose -p = -3*p + v. What is the greatest common divisor of p and h?
15
Let u be 8 + (-9 - -1) + 4. Calculate the greatest common factor of 36 and u.
4
Let a(p) = p**3 + 6*p**2 + 6*p - 2. Let x be a(-3). Suppose -243 = -4*u - k + 10, 0 = u + 3*k - 66. What is the highest common factor of u and x?
7
Suppose 2*m = -0*s + 5*s - 100, -4*m - 38 = -s. Let h = s - 11. What is the greatest common divisor of h and 7?
7
Let s(b) = b + 7. Let v be s(-7). Let y = v + 4. Calculate the highest common factor of y and 6.
2
Suppose -26*g = -22*g - 704. Calculate the greatest common factor of g and 16.
16
Let i(n) = n**2 - 5*n. Let c be i(-5). What is the greatest common divisor of c and 20?
10
Let m = 31 - 25. Calculate the greatest common divisor of m and 15.
3
Let j = 13 - 7. Suppose 3*b + 6 = -3*i, 4*i + 16 = 3*b - j. Let p be 4/4 - -7*b. What is the greatest common divisor of 45 and p?
15
Suppose -4*h - h + 10 = 0. Suppose 4*k = -h*a + 4, 4 + 24 = 4*a - 2*k. What is the highest common divisor of 42 and a?
6
Let a be -114*((-10)/6 + 1). Let m be (3 - 0) + (3 - -24). Let u = 49 - m. What is the greatest common factor of a and u?
19
Let t = -95 - -116. What is the greatest common divisor of 14 and t?
7
Suppose 4*m - 194 - 422 = 0. Let a = 259 - m. What is the greatest common factor of 15 and a?
15
Let u = 79 + -63. Let x be 2/(-4)*128*-1. Calculate the greatest common divisor of u and x.
16
Let b(c) = -6*c - 7. Let d(v) = -v. Let x(a) = -b(a) + 5*d(a). Let j be x(-3). Calculate the greatest common factor of j and 36.
4
Let h be (-9)/(3 + (-1 - 3)). What is the greatest common divisor of 3 and h?
3
Let t = 102 + -98. Let l(h) = -2*h - 6. Let x be l(-5). Calculate the highest common divisor of x and t.
4
Suppose 2*d = -2*k + 4, -k - 4*d = -2*k - 3. Calculate the highest common divisor of 9 and k.
1
Let m = -41 + 70. Let d = -15 + m. Let u be (-4)/14 - (-256)/d. What is the greatest common divisor of u and 198?
18
Let b(h) = -h**3 + 4*h**2 - h + 5. Let v be b(4). Let s be -1 - (v*-82 - -1). What is the greatest common factor of 16 and s?
16
Let j = 48 - 6. What is the greatest common divisor of j and 105?
21
Suppose -m = 11*m - 1296. Suppose 14 - 62 = -4*w. What is the highest common factor of m and w?
12
Suppose -1 = g + 2. Let h be g/(-2)*4/6. Let n = 4 - 0. Calculate the greatest common divisor of h and n.
1
Let z = -45 - -78. Suppose -z = -4*g + 111. Calculate the highest common factor of g and 9.
9
Let v(w) = -3*w**3 + 3*w**2 + w + 1. Let c be 1*-2*(-6)/(-4). Let i be -3*(1 + 1/c). Let g be v(i). Calculate the greatest common factor of g and 7.
7
Let i(t) = 35*t**2 + t. Let q be i(-1). Let f = 64 - q. What is the greatest common divisor of f and 45?
15
Suppose -2*w + 4*n = 18, 6*n + 3 = -2*w + 7*n. Suppose 4*x + 42 = 5*v + 3*x, 4*v - 3*x = 27. What is the highest common factor of v and w?
1
Suppose -2*v - 18 + 62 = 0. Let g = v - 10. Calculate the greatest common divisor of g and 48.
12
Suppose -15*j + 14*j = -54. Let x(o) = -2*o - 12. Let y be x(-9). What is the highest common divisor of j and y?
6
Suppose -4*j = -j - 9. Suppose -3*l - 4*f = -56, -21 = -l - j*f + 6. What is the highest common divisor of l and 84?
12
Let s(p) = 2*p. Let f(q) = 5*q + 2. Let r(a) = 2*f(a) - 2*s(a). Let l be r(3). What is the highest common divisor of 110 and l?
22
Let q = 507 + -342. Calculate the greatest common factor of q and 15.
15
Suppose -u = -5*u. Suppose -2*f = -4 - 4, -3*k + f + 5 = u. Suppose 4*s + 6 = s, 5*s - 8 = -2*o. What is the highest common divisor of o and k?
3
Suppose 0 = 3*c + v - 352, 4*c + 0*c - 464 = 4*v. Let t = -4 - -17. What is the greatest common factor of t and c?
13
Let y(q) be the second derivative of -q**5/20 + 5*q**4/12 - q**2 + q. Let s = 26 + -24. Let z be y(s). What is the greatest common factor of z and 110?
10
Let f(h) = -3*h - 14. Let c be f(-10). What is the highest common factor of 48 and c?
16
Let l(c) be the first derivative of 2*c**3/3 + c**2/2 - 1. Let d be l(-1). Let v be 10 + 2 + -4 + 1. What is the greatest common divisor of v and d?
1
Let s(w) = 3*w. Let n be s(16). Let b be 1025/8 + (-6)/n. Suppose 5*f = -c + 6*f + 18, -3*f = -2*c + 38. Calculate the highest common factor of b and c.
16
Let t = -49 + 130.